 n(q). What is the greatest common divisor of 9 and c?
9
Suppose -18*n = -10*n - 1792. What is the greatest common divisor of 14 and n?
14
Let y = -13 + 376. Let p be 5/10 + (-4)/8. Suppose 0 = -p*x - 5*x + 165. What is the greatest common factor of y and x?
33
Let c(k) = 4*k**2 - 4. Let u be c(-4). Suppose 0 = 5*s - 2*x + 13 + 38, 4*x = 4*s + 36. Let q = s - -21. What is the highest common factor of u and q?
10
Let u = -56 - -78. Suppose 4 = -2*z, -u = -5*h - 3*z - z. What is the greatest common factor of h and 27?
3
Suppose j = -2*j - 12, -3*x + j + 160 = 0. Let i be 79 - (-1)/(3/(-6)*2). What is the greatest common factor of i and x?
26
Let t be 12/(-18) - 2090/(-3). Let i = -328 + t. Calculate the highest common divisor of i and 16.
16
Let k(u) = -u**3 + 6*u**2 - 3*u - 8. Let y be k(6). Let j be (-56)/(-10) + 3 + y/10. Calculate the greatest common factor of j and 15.
3
Let z be (30 - (2 + -5))*(6 + -3). Suppose 8 = 3*x - 19. Calculate the greatest common factor of z and x.
9
Let s(m) be the third derivative of m**5/20 - m**4/8 - 2*m**3/3 - m**2. Let l be s(4). Suppose 3*t - 270 = -30. Calculate the highest common divisor of t and l.
16
Let g be -9*14/(-21)*10. What is the highest common factor of g and 24?
12
Suppose 4*n = 5*u + n, -3*u = -3*n + 6. Suppose 4*g + 3*h = -131, u*g + 89 + 31 = 5*h. Let c be 7/g + 56/5. Calculate the greatest common divisor of 88 and c.
11
Suppose 2*p - 3*b = 73, 4*b + 25 = 3*p - 83. Suppose 0 = 5*h - 2*k - 155, 0 = h - 4*h + k + 92. Let t = h - 21. What is the highest common divisor of p and t?
8
Suppose 58*p - 29*p = 319. What is the highest common divisor of 187 and p?
11
Let m = 235 - -468. Calculate the greatest common factor of m and 111.
37
Let c(p) = -56*p - 1246. Let o be c(-23). What is the highest common factor of o and 99?
3
Let y be (-2)/(4 - 74/18). Let f be (-4 + 2)/((-4)/(-10)). Let a(l) = -l**3 - 3*l**2 + 4*l - 3. Let d be a(f). Calculate the highest common factor of y and d.
9
Let y be ((-27)/(-2))/((-2)/(-4)). Let n = y - 15. Calculate the greatest common factor of 30 and n.
6
Let v = 1958 - 1635. Calculate the greatest common divisor of v and 17.
17
Suppose 13*s + 30*s = 473. What is the highest common factor of 7 and s?
1
Let n be (-2 - -5)/(0 - -1). Suppose n = 5*u - 27. Suppose -2*f + 3*f = u. What is the greatest common divisor of f and 3?
3
Suppose 29 = 6*d - 367. What is the greatest common factor of d and 18?
6
Suppose -2*o + 4*a + 28 = 0, 0 = 4*o - a + 9 - 93. Calculate the greatest common factor of 6 and o.
2
Let a = -5 - -10. Calculate the greatest common divisor of 5 and a.
5
Let k(j) = j**3 - 15*j**2 - 13*j - 34. Let s be k(16). Calculate the highest common factor of 42 and s.
14
Let l be (0/(-4 + -1))/1. Suppose l*c + 2*c = 288. What is the highest common factor of c and 18?
18
Let s = 17 - -12. Let n(l) = 5*l - 2 + s - 7*l. Let o be n(11). What is the greatest common divisor of o and 2?
1
Let t(b) = 2*b**2 - 12*b - 13. Let g(m) = -2*m**2 - 10*m - 5. Let c be g(-3). Let q be t(c). What is the highest common factor of q and 11?
1
Let l(o) = -o**3 - 7*o**2 - 6*o + 16. Let s be (45/10)/(6/(-8)). Let h be l(s). Calculate the greatest common factor of 72 and h.
8
Suppose -4*y - 5*f = -25, -2*y + 0*f + 13 = 3*f. Suppose -4*l = -2*w + 66, y*w + 2*l - 49 = 164. What is the highest common factor of w and 328?
41
Suppose 0 = 2*l + 4*f - 1780, -5*l - f - 4*f = -4450. Calculate the highest common factor of l and 267.
89
Let p = 1205 + -996. What is the greatest common divisor of p and 22?
11
Let n(k) = -3*k**3 - 7*k**2 + k - 20. Let g be n(-5). What is the highest common divisor of 25 and g?
25
Let s(x) = -8*x + 168. Let f be s(18). What is the highest common divisor of f and 216?
24
Let j = 4 + -3. Let m be ((-36)/3)/3 - 66/(-6). What is the greatest common factor of j and m?
1
Suppose -3*a = -5*b - 590, 22*b - 26*b + 608 = 3*a. What is the highest common factor of a and 30?
10
Let p(o) be the second derivative of 2*o**3/3 + 5*o**2/2 + 11*o. Let k be p(6). Calculate the highest common factor of 116 and k.
29
Suppose -22*f = -24*f + 52. Calculate the greatest common factor of f and 208.
26
Let x(h) = 18*h + 217. Let q be x(-8). Calculate the greatest common factor of q and 73.
73
Let s be (-59 + 56 - (-2 + 0))*-99. What is the greatest common factor of s and 11?
11
Suppose -75 = -7*z + 2*z. Let f be 88/(-12) + (-3)/(-9) + 3. Let h be 120*(1 + 2/f). Calculate the highest common divisor of h and z.
15
Suppose -2*g + 462 = 4*j, -3*g = -j + 18 + 87. Calculate the greatest common factor of 76 and j.
38
Let n = 666 + -607. Calculate the highest common divisor of 1 and n.
1
Suppose -4*g = -4*b + 4, -2*g + 2*b - 10 = -2*b. Calculate the greatest common factor of g and 6.
3
Let v(g) = 2*g**2 - 3*g - 1. Let y be v(3). Let l(d) = -4*d**2 - 1. Let h be l(-1). Let b be 5/(-2)*16/h. What is the highest common divisor of y and b?
8
Let d(u) = -76*u**3 + 8*u + 6. Let o be d(-3). Suppose o = 12*b - 174. Calculate the highest common divisor of b and 23.
23
Let d be (-224)/(-2) - (-1 + 3 - -1). Let j = d - 58. Calculate the highest common divisor of j and 17.
17
Suppose 1718 = 5*k - 2*y, -4*k + 9*k - 1717 = 3*y. Calculate the greatest common factor of k and 43.
43
Let s(g) = 2*g**2 + 3*g + 2. Let k be s(-2). Suppose 0*x - x - k*v = -29, -4*x = v - 131. Calculate the highest common divisor of 33 and x.
33
Let s(j) = -16*j**3 - 8*j**2 - 3*j - 6. Let g be s(-2). What is the highest common divisor of g and 2400?
96
Suppose 9*v = -v + 10. What is the highest common divisor of v and 24?
1
Let w = 148 - 142. Suppose -w*x + 41 = -5*x. What is the greatest common divisor of 451 and x?
41
Suppose -5*c - 2*s = -105, 7 - 22 = 3*s. Suppose 3*u = -18 - 12. Let b be (-320)/(-7) + u/(-35). What is the greatest common divisor of b and c?
23
Let y be 57*(-2)/4*4. Let q = y - -603. Suppose -4*r = -q + 105. Calculate the highest common divisor of 24 and r.
24
Suppose -11*q + 44 = -187. Let z be 0/(6/2 + -2). Suppose v + z*v = 4*w - 752, w - 5*v - 169 = 0. Calculate the highest common divisor of w and q.
21
Suppose 17*l - 20*l = 6, 3*f = -2*l + 137. What is the highest common divisor of 423 and f?
47
Let z(n) = 86*n - 12. Let u be z(2). What is the highest common factor of 20 and u?
20
Suppose -4*h = -2*c - c - 136, -2*c + 68 = 2*h. Suppose -3*x + h + 59 = 0. What is the greatest common factor of 341 and x?
31
Suppose -24*w + 112 = -2960. What is the highest common divisor of 24 and w?
8
Let u be (-72)/396 + 16242/33. What is the highest common divisor of 24 and u?
12
Suppose -3*p - k + 253 = 0, -73 + 404 = 4*p - 5*k. Calculate the greatest common divisor of 756 and p.
84
Let g = 709 + -684. Calculate the highest common divisor of 25 and g.
25
Let f(z) = -z**3 - 27*z**2 - 73*z + 35. Let b be f(-27). Calculate the highest common factor of b and 68.
34
Suppose -4*o + 36 = -5*v, -o - v - 4*v = -9. Let p = -3 + o. Let m(d) = 4*d - 4. Let j be m(2). What is the greatest common factor of j and p?
2
Let u be 1/(-2)*(-7 - -5). Suppose -2*z = -15 - u. What is the greatest common divisor of 8 and z?
8
Let m be ((-5)/10 - -3)*(-56)/(-5). What is the highest common factor of m and 644?
28
Let o be 3/(30/96*(-3)/(-5)). Calculate the highest common divisor of 16 and o.
16
Suppose -8 = -2*k + k. Let l = k - 2356. Let h be (-14)/(-49) - l/14. Calculate the greatest common divisor of h and 24.
24
Let z be -1*(5 + 1)*(-2112)/72. What is the highest common divisor of 336 and z?
16
Let d(u) = -u**2 + 14*u + 5. Let y be d(16). Let p = y + 85. Suppose -p = -2*o - 4*z, -8 = -3*z + 4. What is the highest common divisor of 7 and o?
7
Let d be 39 + 78/18*-3. Calculate the highest common divisor of 624 and d.
26
Let b(l) = 7*l - 17. Let k be b(14). Let y = -40 + k. Let o = -23 + y. Calculate the highest common divisor of 72 and o.
18
Let r(v) = 21*v**2 - 3*v - 6. Let b be r(-2). Suppose 0 = -5*q + q - 3*l + 36, q = 4*l + 28. What is the highest common factor of b and q?
12
Suppose -4*m - 67 = -k, m + 4*k = -2*m - 74. Suppose 168 = -0*b + 4*b. Let x = b + m. Calculate the highest common divisor of x and 6.
6
Let i(t) = t**3 - 42*t**2 - 43*t + 5. Let c be i(43). What is the highest common divisor of c and 400?
5
Let a be 0 + 0/(6 - 3). Let q = -7 - -9.